{"id":4661,"date":"2025-03-13T13:23:43","date_gmt":"2025-03-13T12:23:43","guid":{"rendered":"https:\/\/www.planetoutdoor.eu\/boutique\/?post_type=product&#038;p=4661"},"modified":"2026-04-07T10:43:26","modified_gmt":"2026-04-07T08:43:26","slug":"brasero-pellet-noir-extra-large","status":"publish","type":"product","link":"https:\/\/www.planetoutdoor.eu\/boutique\/brasero-pellet-noir-extra-large\/","title":{"rendered":"Bras\u00e9ro Volcano Noir &#8211; EXTRA LARGE"},"content":{"rendered":"<p>Livraison offerte<\/p>\n","protected":false},"excerpt":{"rendered":"<p>Compact et \u00e9l\u00e9gant, ce bras\u00e9ro Volcano (XL) offre une combinaison parfaite entre design et qualit\u00e9, tout en cr\u00e9ant une ambiance chaleureuse, et d\u00e9corative \u00e0 vos espaces ext\u00e9rieurs.<\/p>\n<ul>\n<li>La flamme parfaite : pas de fum\u00e9e gr\u00e2ce au pellet<\/li>\n<li>Dur\u00e9e de combustion : 3 heures<\/li>\n<li>Allumage facile et rapide gr\u00e2ce \u00e0 un allume-feu<\/li>\n<li>Facile d&rsquo;entretien : gr\u00e2ce au foyer int\u00e9rieur amovible, le nettoyage se fait rapidement et efficacement<\/li>\n<li>Mat\u00e9riau durable : les foyers et la double paroi isolante sont fabriqu\u00e9s \u00e0 partir d&rsquo;acier inoxydable 304 de haute qualit\u00e9<\/li>\n<li>Sac de voyage inclus : parfait pour transporter et ranger le \u00ab\u00a0Volcano\u00a0\u00bb<\/li>\n<\/ul>\n<p>Le volcano peut aussi \u00eatre utilis\u00e9 au bois, une alternative pour ceux qui recherchent de la flexibilit\u00e9.<\/p>\n<p>Taille (L x l x h) : 36 x 36 x 49.5 cm<br \/>\nCouleur : Noir<\/p>\n<p><a href=\"https:\/\/www.planetoutdoor.eu\/boutique\/wp-content\/uploads\/2025\/03\/300045-Notice.pdf\">Notice d&rsquo;utilisation<\/a><\/p>\n[video width=\"1280\" height=\"720\" mp4=\"https:\/\/www.planetoutdoor.eu\/boutique\/wp-content\/uploads\/2026\/02\/marketing-brasero-pellet-large.mp4\"][\/video]\n","protected":false},"featured_media":4662,"comment_status":"open","ping_status":"closed","template":"","meta":[],"product_cat":[20],"product_tag":[],"yoast_head":"<!-- This site is optimized with the Yoast SEO plugin v22.7 - https:\/\/yoast.com\/wordpress\/plugins\/seo\/ -->\n<title>Bras\u00e9ro Volcano Noir - EXTRA LARGE - Boutique Planet Outdoor<\/title>\n<meta name=\"robots\" content=\"index, follow, max-snippet:-1, max-image-preview:large, max-video-preview:-1\" \/>\n<link rel=\"canonical\" href=\"https:\/\/www.planetoutdoor.eu\/boutique\/brasero-pellet-noir-extra-large\/\" \/>\n<meta property=\"og:locale\" content=\"fr_FR\" \/>\n<meta property=\"og:type\" content=\"article\" \/>\n<meta property=\"og:title\" content=\"Bras\u00e9ro Volcano Noir - EXTRA LARGE - Boutique Planet Outdoor\" \/>\n<meta property=\"og:description\" content=\"Compact et \u00e9l\u00e9gant, ce bras\u00e9ro Volcano (XL) offre une combinaison parfaite entre design et qualit\u00e9, tout en cr\u00e9ant une ambiance chaleureuse, et d\u00e9corative \u00e0 vos espaces ext\u00e9rieurs.   La flamme parfaite : pas de fum\u00e9e gr\u00e2ce au pellet  Dur\u00e9e de combustion : 3 heures  Allumage facile et rapide gr\u00e2ce \u00e0 un allume-feu  Facile d&#039;entretien : gr\u00e2ce au foyer int\u00e9rieur amovible, le nettoyage se fait rapidement et efficacement  Mat\u00e9riau durable : les foyers et la double paroi isolante sont fabriqu\u00e9s \u00e0 partir d&#039;acier inoxydable 304 de haute qualit\u00e9  Sac de voyage inclus : parfait pour transporter et ranger le &quot;Volcano&quot;  Le volcano peut aussi \u00eatre utilis\u00e9 au bois, une alternative pour ceux qui recherchent de la flexibilit\u00e9.  Taille (L x l x h) : 36 x 36 x 49.5 cm Couleur : Noir  Notice d&#039;utilisation\" \/>\n<meta property=\"og:url\" content=\"https:\/\/www.planetoutdoor.eu\/boutique\/brasero-pellet-noir-extra-large\/\" \/>\n<meta property=\"og:site_name\" content=\"Boutique Planet Outdoor\" \/>\n<meta property=\"article:publisher\" content=\"https:\/\/www.facebook.com\/PlanetOutdoorFrance\" \/>\n<meta property=\"article:modified_time\" content=\"2026-04-07T08:43:26+00:00\" \/>\n<meta property=\"og:image\" content=\"https:\/\/www.planetoutdoor.eu\/boutique\/wp-content\/uploads\/2025\/03\/300047.jpg\" \/>\n\t<meta property=\"og:image:width\" content=\"1080\" \/>\n\t<meta property=\"og:image:height\" content=\"1080\" \/>\n\t<meta property=\"og:image:type\" content=\"image\/jpeg\" \/>\n<meta name=\"twitter:card\" content=\"summary_large_image\" \/>\n<meta name=\"twitter:label1\" content=\"Dur\u00e9e de lecture estim\u00e9e\" \/>\n\t<meta name=\"twitter:data1\" content=\"1 minute\" \/>\n<script type=\"application\/ld+json\" class=\"yoast-schema-graph\">{\"@context\":\"https:\/\/schema.org\",\"@graph\":[{\"@type\":\"WebPage\",\"@id\":\"https:\/\/www.planetoutdoor.eu\/boutique\/brasero-pellet-noir-extra-large\/\",\"url\":\"https:\/\/www.planetoutdoor.eu\/boutique\/brasero-pellet-noir-extra-large\/\",\"name\":\"Bras\u00e9ro Volcano Noir - EXTRA LARGE - Boutique Planet Outdoor\",\"isPartOf\":{\"@id\":\"https:\/\/www.planetoutdoor.eu\/boutique\/#website\"},\"primaryImageOfPage\":{\"@id\":\"https:\/\/www.planetoutdoor.eu\/boutique\/brasero-pellet-noir-extra-large\/#primaryimage\"},\"image\":{\"@id\":\"https:\/\/www.planetoutdoor.eu\/boutique\/brasero-pellet-noir-extra-large\/#primaryimage\"},\"thumbnailUrl\":\"https:\/\/www.planetoutdoor.eu\/boutique\/wp-content\/uploads\/2025\/03\/300047.jpg\",\"datePublished\":\"2025-03-13T12:23:43+00:00\",\"dateModified\":\"2026-04-07T08:43:26+00:00\",\"breadcrumb\":{\"@id\":\"https:\/\/www.planetoutdoor.eu\/boutique\/brasero-pellet-noir-extra-large\/#breadcrumb\"},\"inLanguage\":\"fr-FR\",\"potentialAction\":[{\"@type\":\"ReadAction\",\"target\":[\"https:\/\/www.planetoutdoor.eu\/boutique\/brasero-pellet-noir-extra-large\/\"]}]},{\"@type\":\"ImageObject\",\"inLanguage\":\"fr-FR\",\"@id\":\"https:\/\/www.planetoutdoor.eu\/boutique\/brasero-pellet-noir-extra-large\/#primaryimage\",\"url\":\"https:\/\/www.planetoutdoor.eu\/boutique\/wp-content\/uploads\/2025\/03\/300047.jpg\",\"contentUrl\":\"https:\/\/www.planetoutdoor.eu\/boutique\/wp-content\/uploads\/2025\/03\/300047.jpg\",\"width\":1080,\"height\":1080},{\"@type\":\"BreadcrumbList\",\"@id\":\"https:\/\/www.planetoutdoor.eu\/boutique\/brasero-pellet-noir-extra-large\/#breadcrumb\",\"itemListElement\":[{\"@type\":\"ListItem\",\"position\":1,\"name\":\"Accueil\",\"item\":\"https:\/\/www.planetoutdoor.eu\/boutique\/\"},{\"@type\":\"ListItem\",\"position\":2,\"name\":\"Boutique\",\"item\":\"https:\/\/www.planetoutdoor.eu\/boutique\/\"},{\"@type\":\"ListItem\",\"position\":3,\"name\":\"Bras\u00e9ro Volcano Noir &#8211; EXTRA LARGE\"}]},{\"@type\":\"WebSite\",\"@id\":\"https:\/\/www.planetoutdoor.eu\/boutique\/#website\",\"url\":\"https:\/\/www.planetoutdoor.eu\/boutique\/\",\"name\":\"Boutique Planet Outdoor\",\"description\":\"\",\"publisher\":{\"@id\":\"https:\/\/www.planetoutdoor.eu\/boutique\/#organization\"},\"potentialAction\":[{\"@type\":\"SearchAction\",\"target\":{\"@type\":\"EntryPoint\",\"urlTemplate\":\"https:\/\/www.planetoutdoor.eu\/boutique\/?s={search_term_string}\"},\"query-input\":\"required name=search_term_string\"}],\"inLanguage\":\"fr-FR\"},{\"@type\":\"Organization\",\"@id\":\"https:\/\/www.planetoutdoor.eu\/boutique\/#organization\",\"name\":\"Boutique Planet Outdoor\",\"url\":\"https:\/\/www.planetoutdoor.eu\/boutique\/\",\"logo\":{\"@type\":\"ImageObject\",\"inLanguage\":\"fr-FR\",\"@id\":\"https:\/\/www.planetoutdoor.eu\/boutique\/#\/schema\/logo\/image\/\",\"url\":\"https:\/\/www.planetoutdoor.eu\/boutique\/wp-content\/uploads\/2024\/01\/logo_planet_outdoor.png\",\"contentUrl\":\"https:\/\/www.planetoutdoor.eu\/boutique\/wp-content\/uploads\/2024\/01\/logo_planet_outdoor.png\",\"width\":265,\"height\":262,\"caption\":\"Boutique Planet Outdoor\"},\"image\":{\"@id\":\"https:\/\/www.planetoutdoor.eu\/boutique\/#\/schema\/logo\/image\/\"},\"sameAs\":[\"https:\/\/www.facebook.com\/PlanetOutdoorFrance\"]}]}<\/script>\n<!-- \/ Yoast SEO plugin. -->","yoast_head_json":{"title":"Bras\u00e9ro Volcano Noir - EXTRA LARGE - Boutique Planet Outdoor","robots":{"index":"index","follow":"follow","max-snippet":"max-snippet:-1","max-image-preview":"max-image-preview:large","max-video-preview":"max-video-preview:-1"},"canonical":"https:\/\/www.planetoutdoor.eu\/boutique\/brasero-pellet-noir-extra-large\/","og_locale":"fr_FR","og_type":"article","og_title":"Bras\u00e9ro Volcano Noir - EXTRA LARGE - Boutique Planet Outdoor","og_description":"Compact et \u00e9l\u00e9gant, ce bras\u00e9ro Volcano (XL) offre une combinaison parfaite entre design et qualit\u00e9, tout en cr\u00e9ant une ambiance chaleureuse, et d\u00e9corative \u00e0 vos espaces ext\u00e9rieurs.   La flamme parfaite : pas de fum\u00e9e gr\u00e2ce au pellet  Dur\u00e9e de combustion : 3 heures  Allumage facile et rapide gr\u00e2ce \u00e0 un allume-feu  Facile d'entretien : gr\u00e2ce au foyer int\u00e9rieur amovible, le nettoyage se fait rapidement et efficacement  Mat\u00e9riau durable : les foyers et la double paroi isolante sont fabriqu\u00e9s \u00e0 partir d'acier inoxydable 304 de haute qualit\u00e9  Sac de voyage inclus : parfait pour transporter et ranger le \"Volcano\"  Le volcano peut aussi \u00eatre utilis\u00e9 au bois, une alternative pour ceux qui recherchent de la flexibilit\u00e9.  Taille (L x l x h) : 36 x 36 x 49.5 cm Couleur : Noir  Notice d'utilisation","og_url":"https:\/\/www.planetoutdoor.eu\/boutique\/brasero-pellet-noir-extra-large\/","og_site_name":"Boutique Planet Outdoor","article_publisher":"https:\/\/www.facebook.com\/PlanetOutdoorFrance","article_modified_time":"2026-04-07T08:43:26+00:00","og_image":[{"width":1080,"height":1080,"url":"https:\/\/www.planetoutdoor.eu\/boutique\/wp-content\/uploads\/2025\/03\/300047.jpg","type":"image\/jpeg"}],"twitter_card":"summary_large_image","twitter_misc":{"Dur\u00e9e de lecture estim\u00e9e":"1 minute"},"schema":{"@context":"https:\/\/schema.org","@graph":[{"@type":"WebPage","@id":"https:\/\/www.planetoutdoor.eu\/boutique\/brasero-pellet-noir-extra-large\/","url":"https:\/\/www.planetoutdoor.eu\/boutique\/brasero-pellet-noir-extra-large\/","name":"Bras\u00e9ro Volcano Noir - EXTRA LARGE - Boutique Planet Outdoor","isPartOf":{"@id":"https:\/\/www.planetoutdoor.eu\/boutique\/#website"},"primaryImageOfPage":{"@id":"https:\/\/www.planetoutdoor.eu\/boutique\/brasero-pellet-noir-extra-large\/#primaryimage"},"image":{"@id":"https:\/\/www.planetoutdoor.eu\/boutique\/brasero-pellet-noir-extra-large\/#primaryimage"},"thumbnailUrl":"https:\/\/www.planetoutdoor.eu\/boutique\/wp-content\/uploads\/2025\/03\/300047.jpg","datePublished":"2025-03-13T12:23:43+00:00","dateModified":"2026-04-07T08:43:26+00:00","breadcrumb":{"@id":"https:\/\/www.planetoutdoor.eu\/boutique\/brasero-pellet-noir-extra-large\/#breadcrumb"},"inLanguage":"fr-FR","potentialAction":[{"@type":"ReadAction","target":["https:\/\/www.planetoutdoor.eu\/boutique\/brasero-pellet-noir-extra-large\/"]}]},{"@type":"ImageObject","inLanguage":"fr-FR","@id":"https:\/\/www.planetoutdoor.eu\/boutique\/brasero-pellet-noir-extra-large\/#primaryimage","url":"https:\/\/www.planetoutdoor.eu\/boutique\/wp-content\/uploads\/2025\/03\/300047.jpg","contentUrl":"https:\/\/www.planetoutdoor.eu\/boutique\/wp-content\/uploads\/2025\/03\/300047.jpg","width":1080,"height":1080},{"@type":"BreadcrumbList","@id":"https:\/\/www.planetoutdoor.eu\/boutique\/brasero-pellet-noir-extra-large\/#breadcrumb","itemListElement":[{"@type":"ListItem","position":1,"name":"Accueil","item":"https:\/\/www.planetoutdoor.eu\/boutique\/"},{"@type":"ListItem","position":2,"name":"Boutique","item":"https:\/\/www.planetoutdoor.eu\/boutique\/"},{"@type":"ListItem","position":3,"name":"Bras\u00e9ro Volcano Noir &#8211; EXTRA LARGE"}]},{"@type":"WebSite","@id":"https:\/\/www.planetoutdoor.eu\/boutique\/#website","url":"https:\/\/www.planetoutdoor.eu\/boutique\/","name":"Boutique Planet Outdoor","description":"","publisher":{"@id":"https:\/\/www.planetoutdoor.eu\/boutique\/#organization"},"potentialAction":[{"@type":"SearchAction","target":{"@type":"EntryPoint","urlTemplate":"https:\/\/www.planetoutdoor.eu\/boutique\/?s={search_term_string}"},"query-input":"required name=search_term_string"}],"inLanguage":"fr-FR"},{"@type":"Organization","@id":"https:\/\/www.planetoutdoor.eu\/boutique\/#organization","name":"Boutique Planet Outdoor","url":"https:\/\/www.planetoutdoor.eu\/boutique\/","logo":{"@type":"ImageObject","inLanguage":"fr-FR","@id":"https:\/\/www.planetoutdoor.eu\/boutique\/#\/schema\/logo\/image\/","url":"https:\/\/www.planetoutdoor.eu\/boutique\/wp-content\/uploads\/2024\/01\/logo_planet_outdoor.png","contentUrl":"https:\/\/www.planetoutdoor.eu\/boutique\/wp-content\/uploads\/2024\/01\/logo_planet_outdoor.png","width":265,"height":262,"caption":"Boutique Planet Outdoor"},"image":{"@id":"https:\/\/www.planetoutdoor.eu\/boutique\/#\/schema\/logo\/image\/"},"sameAs":["https:\/\/www.facebook.com\/PlanetOutdoorFrance"]}]}},"_links":{"self":[{"href":"https:\/\/www.planetoutdoor.eu\/boutique\/wp-json\/wp\/v2\/product\/4661"}],"collection":[{"href":"https:\/\/www.planetoutdoor.eu\/boutique\/wp-json\/wp\/v2\/product"}],"about":[{"href":"https:\/\/www.planetoutdoor.eu\/boutique\/wp-json\/wp\/v2\/types\/product"}],"replies":[{"embeddable":true,"href":"https:\/\/www.planetoutdoor.eu\/boutique\/wp-json\/wp\/v2\/comments?post=4661"}],"wp:featuredmedia":[{"embeddable":true,"href":"https:\/\/www.planetoutdoor.eu\/boutique\/wp-json\/wp\/v2\/media\/4662"}],"wp:attachment":[{"href":"https:\/\/www.planetoutdoor.eu\/boutique\/wp-json\/wp\/v2\/media?parent=4661"}],"wp:term":[{"taxonomy":"product_cat","embeddable":true,"href":"https:\/\/www.planetoutdoor.eu\/boutique\/wp-json\/wp\/v2\/product_cat?post=4661"},{"taxonomy":"product_tag","embeddable":true,"href":"https:\/\/www.planetoutdoor.eu\/boutique\/wp-json\/wp\/v2\/product_tag?post=4661"}],"curies":[{"name":"wp","href":"https:\/\/api.w.org\/{rel}","templated":true}]}}